2*w = -0*w - 138. Suppose 0 = -2*y - 5*f + w, -3*y + 2*f = f - 78. Suppose -y = -2*u - u. What is the units digit of u?
9
Let g = -21 + 34. Suppose g - 1 = 4*n. Suppose -5*d - 63 = -n*q, q - 3*q + 42 = -d. What is the units digit of q?
1
Suppose 461 = -3*t + 2*g, 3*g + 0*g = 4*t + 616. Let y = 405 + t. What is the tens digit of y?
5
Let t = 31 + -29. Suppose -131 = -5*o + t*u, -4*u + 4 + 4 = 0. What is the units digit of o?
7
What is the units digit of 865/2*62/31?
5
Suppose 4*x = 15 - 11. Let k(v) be the first derivative of 19*v**4/4 - v**3/3 + v**2 - v + 1. What is the units digit of k(x)?
9
Suppose 5*h + 95 - 115 = 0. Suppose -h*f + 1380 = -4*y, 4*f + 5*y = -f + 1745. What is the units digit of f?
7
Let o(t) = 2*t - 93. Let w be o(0). Let j = w + 161. What is the tens digit of j?
6
Let x be 2/3*(5 - 76/8). What is the hundreds digit of 117 - 3*2/x?
1
Let t(x) be the third derivative of x**6/30 - x**5/30 - x**4/6 + x**3/3 - 11*x**2. What is the tens digit of t(3)?
8
Let f(w) = 8*w + 6. Let c be f(-15). Let p = 27 - c. What is the tens digit of p?
4
Let o = -12 + 56. Let a = 57 + -49. Suppose 0 = -a*s + 4*s + o. What is the units digit of s?
1
Let m(p) be the third derivative of -p**5/60 - 17*p**4/24 - 3*p**3/2 - 5*p**2. What is the units digit of m(-11)?
7
Let s = -333 - -795. What is the tens digit of s?
6
Let h = 22 - 24. Let r be h + (-9)/((-27)/6). Suppose r*z = -z + 10. What is the units digit of z?
0
Let w(r) = 6*r**2 + 4*r + 6. Let t be w(-2). Suppose t*l = 24*l - 18. What is the units digit of l?
9
Let p = -85 + 87. What is the units digit of -6 + p + (42 - -14)?
2
Suppose -11*g + 8*g = m - 449, 0 = -3*m - 2*g + 1340. What is the hundreds digit of m?
4
Suppose 4*m = m - 5*s + 41, 3*m - 3*s = 33. What is the units digit of (94/6)/(-3 - (-38)/m)?
4
Suppose -l + 3*u + 1 = 6*u, 36 = -3*l + 4*u. Let s be (l/(-3) - 3)*-9. Suppose s*t - 5*g = -10*g + 15, 5*t - 4*g - 25 = 0. What is the units digit of t?
5
Let c = 164 + -71. Let j = -49 + c. What is the units digit of j?
4
Let q(j) = 10*j**2 - 12*j + 279. What is the hundreds digit of q(17)?
9
Suppose -4*f - 895 = f. Let b = f - -303. What is the units digit of b?
4
Suppose -131*j + 218 = -133*j. Let w = j - -185. What is the tens digit of w?
7
Suppose -q - 5 = 0, 4*q + 40 - 10 = -5*a. Let f(x) = -6*x + 20. What is the tens digit of f(a)?
3
Let x(w) = -5*w**2 - w - 20. Let v be x(-7). Let k = -151 - v. What is the hundreds digit of k?
1
Suppose -4*w = -6*w + 14. Suppose -9*u = -w*u - 42. Suppose 9 = 2*q - u. What is the tens digit of q?
1
Suppose 56*j = 70313 + 67335. What is the tens digit of j?
5
Suppose -216 = -f - 4*a - a, 0 = 2*f + 3*a - 418. What is the units digit of f?
6
Suppose 2*i - 1 - 41 = 0. What is the units digit of (-7)/(i/(-216)) - 2?
0
Let n be (-73)/((-2*(2 + -3))/12). Let j = n - -680. What is the hundreds digit of j?
2
Let j(s) = s**3 + 20*s**2 - 23*s - 13. Let m be j(-21). Suppose -2*z - f + 50 = -3*f, 5*f = z - m. What is the tens digit of z?
2
Let u = 12 + -10. Suppose -3*q + u*q = -12. What is the units digit of q?
2
What is the thousands digit of 12*(8/16 - 1) + 1614?
1
Let w = 1084 + -106. What is the units digit of w?
8
Let y be 1938/9 + (-36)/27. Let f = y - 80. What is the tens digit of f?
3
Suppose 3*p + 11 = 20. Suppose 2*s = 2*u - 20, 0 = -p*u + 2*s + 8 + 24. What is the units digit of u*(64/12)/2?
2
Suppose 51*z = 47*z + 2176. What is the tens digit of z?
4
Suppose 4*v = 7*v + w - 4591, 0 = 2*v + 4*w - 3044. What is the units digit of v?
2
Let t be 12/(-66) - (-35)/11. What is the hundreds digit of 119 + (-3 - -4) - 1*t?
1
Suppose 2635 - 27803 = -16*y. What is the units digit of y?
3
Let j(q) = q**3 - q**2 + 3*q + 1. Let p(s) = -2*s**2 - 11*s - 9. Let a be p(-4). What is the units digit of j(a)?
8
Suppose 18*p - 6502 = -2*g + 14*p, -2*p - 12974 = -4*g. What is the units digit of g?
5
Let l = -606 - -1365. What is the units digit of l?
9
Suppose -4*q - 8 = -64. Suppose -q*u + 4*u = -640. What is the tens digit of u?
6
Let p = 7 + -5. Suppose -12 = a + p*a. What is the units digit of a + 10 + (-1 - 1)?
4
Let n(p) = 141*p**2 - 1. What is the tens digit of n(-1)?
4
Suppose -2*u + 5*v = 11 + 76, u + 2*v = -21. Let h = u + 125. Suppose q - 4*r = 43, 75 = 5*q + 3*r - h. What is the units digit of q?
5
Let s(o) = 2*o - 14. Let z be s(6). Let i be -4 + 9/(z - 1). Let d = i + 23. What is the tens digit of d?
1
Let l = 7 + -2. Let u(b) = b**3 - 2*b**2 - 5*b + 3. Let p be u(l). Suppose -4*d = 1 - p. What is the units digit of d?
3
Suppose 0 = 6*s + s - 1218. Suppose 5*r - 351 = s. What is the hundreds digit of r?
1
Let b(p) = 34*p**3 + 1. Let u be b(-1). What is the units digit of ((-1 - u) + -1)*2?
2
Let s(f) = -3*f + 479. What is the hundreds digit of s(40)?
3
Let q(a) = 4*a**3 + 4*a**2 + 4*a - 7. Let g(j) = 5*j**3 + 3*j**2 + 3*j - 8. Let x(u) = 3*g(u) - 4*q(u). What is the tens digit of x(-6)?
1
Suppose 3*v + 870 = 10*i - 8*i, 0 = 3*i - 4*v - 1304. What is the hundreds digit of i?
4
Suppose 2*s + 3*o = 6034, -2*o - 16822 + 1699 = -5*s. What is the hundreds digit of s?
0
Suppose 2*c + 2*f - 140 = 0, -6*f = -3*c - f + 194. Suppose 5*v - 3 = -8, u + 3*v - c = 0. What is the units digit of u?
1
Let p = -82 + 98. Suppose -p*n + 242 = -14*n. What is the hundreds digit of n?
1
Suppose -49 = -4*q - 3*l + 8*l, q - l - 11 = 0. Let t(p) = -p**3 + 6*p**2 - 2. Let n be t(q). What is the units digit of (16/(-12)*3)/n?
2
Suppose 5*t - t - 1436 = 0. Let y = 562 - t. What is the tens digit of y?
0
Let n be 10*(3/(-2))/(-1). Suppose -9 = -3*r - n. What is the tens digit of 952/40 - r/10?
2
Suppose 28*l + 4*l = 3744. What is the hundreds digit of l?
1
Suppose -97 = 6*y - 403. What is the units digit of y?
1
Suppose m = -3*m. Suppose m*w + 4*w - 28 = 0. Let z(t) = 2*t - 5. What is the units digit of z(w)?
9
Suppose x + 2*x - 234 = 0. Let k be x*(-3)/(-24)*4. Suppose -l = 2*l - k. What is the tens digit of l?
1
Suppose 2*m + 320 = 82. What is the tens digit of 6/9*-3 - m?
1
Suppose 5*d - 34 = 2*p, -p = -0*d + 4*d - 22. Let c be ((-36)/(-60))/((-2)/10). What is the units digit of 6 - c/d*2?
7
Let q(u) = -u**3 - 12*u**2 - 10*u + 14. Let d be q(-11). What is the units digit of ((-302)/(-6))/(d*(-6)/(-54))?
1
Let z(x) = 3*x**2 - 5*x + 50. Let h be (-305)/(-45) - (20/18)/(-5). What is the tens digit of z(h)?
6
Let v(j) = j**2 - 14*j - 5. Let i be v(11). Let p be (-1)/(-5) + i/(-10). Suppose -p*s + 2*s = -64. What is the tens digit of s?
3
Suppose 0 = -0*m - m + 4*t + 15, 2*t - 60 = -2*m. Let z = m - 19. What is the units digit of z?
8
Suppose 5*u - 2596 = -3*w + 7*u, 4*w + u - 3476 = 0. Suppose 3*p - w - 101 = 0. What is the tens digit of p?
2
Let b(x) = x + 0*x - 19 - x - 2*x. Let f be b(-12). Suppose -2*o + 0*o = 5*z - 15, -f = 5*z - 2*o. What is the units digit of z?
1
Suppose 2132 - 180 = p. What is the tens digit of p?
5
Let c(s) be the second derivative of -s**5/20 - 5*s**4/12 - 5*s**3/6 - 5*s**2/2 - s. Let z = 9 + -14. What is the units digit of c(z)?
0
Suppose -8*i + 10 = -3*i, 4*a = -5*i + 22. Suppose a*t + 3*l = 53 + 25, -4*t + 128 = -4*l. What is the tens digit of t?
2
Suppose 531*l = 538*l - 658. What is the tens digit of l?
9
Suppose -12*g = 148 - 7132. What is the hundreds digit of g?
5
Let i(o) = o**2 - 4*o - 10. Let s be i(9). Suppose -u - 4*x + 14 = 0, 2*x = 2*u - 113 + s. Let y = 52 - u. What is the tens digit of y?
1
Let s = -40 - -300. What is the tens digit of s?
6
Suppose 87342 = 35*k - 83948. What is the thousands digit of k?
4
Suppose 4*a - 3*c = 90, -40 = -2*a - 7*c + 11*c. Suppose -6*p = -a*p + 360. What is the tens digit of p?
2
What is the units digit of -1 + 2 + (689 - -6 - -4)?
0
Let r(w) = 3*w**2 + w + 1. Let z be r(-1). Suppose -z = -5*d + 17. Suppose -10 - 2 = -d*p, u - p = 19. What is the units digit of u?
2
Suppose h - 68 = 2*h. Suppose 2*v + 192 = 2*f, -2*f = -6*v + 7*v - 195. Let o = f + h. What is the units digit of o?
9
Let j = 29 - 70. Let p = j - -76. What is the units digit of p?
5
Let b be 3/((-19)/(-36) - 18/(-81)). Suppose -3*w - 7 = -b*k - 362, -w = 4*k - 97. What is the hundreds digit of w?
1
Suppose 0 = -t + k - 0*k + 465, k = 5. What is the hundreds digit of t?
4
Suppose 3715 = 5*l + 7*y - 8*y, 737 = l + y. What is the tens digit of l?
4
L